{"id":8,"date":"2018-12-21T17:55:20","date_gmt":"2018-12-21T17:55:20","guid":{"rendered":"https:\/\/the7.io\/g-creative\/?page_id=8"},"modified":"2024-02-02T10:57:57","modified_gmt":"2024-02-02T09:57:57","slug":"profesionalna-dezinfekcia-fog-it-plus-na-priestor-a-povrch","status":"publish","type":"page","link":"https:\/\/www.najlepsiadezinfekcia.sk\/index.php\/profesionalna-dezinfekcia-fog-it-plus-na-priestor-a-povrch\/","title":{"rendered":"PROFESION\u00c1LNA DEZINFEKCIA FOG IT PLUS   NA PRIESTOR A POVRCH"},"content":{"rendered":"<div class=\"wpb-content-wrapper\"><p>[vc_row][vc_column width=&#8220;1\/4&#8243;][vc_single_image image=&#8220;543&#8243; img_size=&#8220;full&#8220;][\/vc_column][vc_column width=&#8220;3\/4&#8243;][vc_custom_heading text=&#8220;Fog &#8211; It Plus&#8220; font_container=&#8220;tag:h3|text_align:left|color:%2306acff&#8220; use_theme_fonts=&#8220;yes&#8220;][vc_custom_heading text=&#8220;( Oxid chlori\u010dit\u00fd vo vodnom roztoku 3,0 g \/ L )&#8220; font_container=&#8220;tag:h4|text_align:left|color:%230aff0a&#8220; use_theme_fonts=&#8220;yes&#8220;][vc_custom_heading text=&#8220;Glob\u00e1lne naj\u010distej\u0161\u00ed patentovo chr\u00e1nen\u00fd oxid chlori\u010dit\u00fd ( 99,99 % )&#8220; font_container=&#8220;tag:h4|text_align:left|color:%2306acff&#8220; use_theme_fonts=&#8220;yes&#8220;][vc_column_text]<strong>Registra\u010dn\u00e9 \u010d\u00edslo:<\/strong> bio\/4755\/D\/21\/CCHLP [\/vc_column_text][vc_column_text]- v\u00edrucidny vysoko\u00fa\u010dinn\u00fd dezinfek\u010dn\u00fd a dekontamina\u010dn\u00fd prostriedok s plnou \u00fa\u010dinnos\u0165ou proti v\u0161etk\u00fdm mikroorganizmom vr\u00e1tane Sars-CoV2.<\/p>\n<p>&#8211; \u00fa\u010dinn\u00fd proti rezistetn\u00fdm bakt\u00e9ri\u00e1m, v\u00edrusom, plesni, hub\u00e1m a z\u00e1pachu<\/p>\n<p>&#8211; pln\u00ed najvy\u0161\u0161iu normu na dezinfekciu zahmlen\u00edm EN 17272<\/p>\n<p>&#8211; \u00fa\u010dinnos\u0165 za menej ako 30 min\u00fat<\/p>\n<p>&#8211; <strong>aplik\u00e1cia formou zahmlenia <\/strong><\/p>\n<p>&#8211; nepo\u0161kodzuje povrchy a materi\u00e1ly.<\/p>\n<p>&#8211; nepo\u0161kodzuje kovov\u00e9 \u010dasti, elektroniku, obrazovky ( nulov\u00e1 oxid\u00e1cia )<\/p>\n<p>&#8211; Fog &#8211; It Plus je ultra \u010dist\u00fd roztok, ktor\u00fd nezanech\u00e1va pozostatkov\u00e9 l\u00e1tky ( soli a miner\u00e1ly )\u00a0a nie je preto potrebn\u00e9 robi\u0165 dodato\u010dn\u00e9 \u010distiace \u00fakony dezinfikovan\u00e9ho prostredia.<\/p>\n<p>&#8211; n\u00edzka spotreba 0,02 ml \/ m3 ( rieden\u00e9ho roztoku Oxidu chlori\u010dit\u00e9ho )<\/p>\n<p>&#8211; roztok Fog-It Plus sa pred pou\u017eit\u00edm riedi destilovanou vodou<strong> ( v\u00fdhradne ) pomeroch <\/strong><\/p>\n<p><strong>\u00a0 <\/strong><strong>1 : 5, 1 : 4, 1 : 3, pod\u013ea po\u017eadovanej n\u00e1ro\u010dnosti dezinfikovan\u00e9ho prostredia. <\/strong><\/p>\n<p><strong>( napr. jeden diel dezinfek\u010dn\u00e9ho roztoku a 5 dielov destilovanej vody ) <\/strong><\/p>\n<p><strong>CAS &#8211; Nr. 10049 -04-4, N-72976, UFI 1300 &#8211; POFS &#8211; 7002 &#8211; G3TY<\/strong><\/p>\n<p><strong>Dezinfek\u010dn\u00fd prostriedok PT2, PT3, PT4<\/strong><\/p>\n<p>Certifik\u00e1t Halal[\/vc_column_text][vc_column_text]<a href=\"http:\/\/www.najlepsiadezinfekcia.sk\/wp-content\/uploads\/2024\/02\/Registration-Fog-It-SK.pdf\">Registr\u00e1cia bioc\u00eddnych v\u00fdrobkov<\/a>[\/vc_column_text][\/vc_column][\/vc_row]<\/p>\n<\/div>","protected":false},"excerpt":{"rendered":"<p>[vc_row][vc_column width=&#8220;1\/4&#8243;][vc_single_image image=&#8220;543&#8243; img_size=&#8220;full&#8220;][\/vc_column][vc_column width=&#8220;3\/4&#8243;][vc_custom_heading text=&#8220;Fog &#8211; It Plus&#8220; font_container=&#8220;tag:h3|text_align:left|color:%2306acff&#8220; use_theme_fonts=&#8220;yes&#8220;][vc_custom_heading text=&#8220;( Oxid chlori\u010dit\u00fd vo vodnom roztoku 3,0 g \/ L )&#8220; font_container=&#8220;tag:h4|text_align:left|color:%230aff0a&#8220; use_theme_fonts=&#8220;yes&#8220;][vc_custom_heading text=&#8220;Glob\u00e1lne naj\u010distej\u0161\u00ed patentovo chr\u00e1nen\u00fd oxid chlori\u010dit\u00fd ( 99,99 % )&#8220; font_container=&#8220;tag:h4|text_align:left|color:%2306acff&#8220; use_theme_fonts=&#8220;yes&#8220;][vc_column_text]Registra\u010dn\u00e9 \u010d\u00edslo: bio\/4755\/D\/21\/CCHLP [\/vc_column_text][vc_column_text]- v\u00edrucidny vysoko\u00fa\u010dinn\u00fd dezinfek\u010dn\u00fd a dekontamina\u010dn\u00fd prostriedok s plnou \u00fa\u010dinnos\u0165ou proti v\u0161etk\u00fdm mikroorganizmom vr\u00e1tane Sars-CoV2. &#8211; \u00fa\u010dinn\u00fd&hellip;<\/p>\n","protected":false},"author":1,"featured_media":0,"parent":0,"menu_order":30,"comment_status":"closed","ping_status":"closed","template":"","meta":{"footnotes":""},"class_list":["post-8","page","type-page","status-publish","hentry","description-off"],"_links":{"self":[{"href":"https:\/\/www.najlepsiadezinfekcia.sk\/index.php\/wp-json\/wp\/v2\/pages\/8","targetHints":{"allow":["GET"]}}],"collection":[{"href":"https:\/\/www.najlepsiadezinfekcia.sk\/index.php\/wp-json\/wp\/v2\/pages"}],"about":[{"href":"https:\/\/www.najlepsiadezinfekcia.sk\/index.php\/wp-json\/wp\/v2\/types\/page"}],"author":[{"embeddable":true,"href":"https:\/\/www.najlepsiadezinfekcia.sk\/index.php\/wp-json\/wp\/v2\/users\/1"}],"replies":[{"embeddable":true,"href":"https:\/\/www.najlepsiadezinfekcia.sk\/index.php\/wp-json\/wp\/v2\/comments?post=8"}],"version-history":[{"count":12,"href":"https:\/\/www.najlepsiadezinfekcia.sk\/index.php\/wp-json\/wp\/v2\/pages\/8\/revisions"}],"predecessor-version":[{"id":570,"href":"https:\/\/www.najlepsiadezinfekcia.sk\/index.php\/wp-json\/wp\/v2\/pages\/8\/revisions\/570"}],"wp:attachment":[{"href":"https:\/\/www.najlepsiadezinfekcia.sk\/index.php\/wp-json\/wp\/v2\/media?parent=8"}],"curies":[{"name":"wp","href":"https:\/\/api.w.org\/{rel}","templated":true}]}}